{"id":336,"date":"2023-06-29T17:46:33","date_gmt":"2023-06-29T17:46:33","guid":{"rendered":"https:\/\/habitacioninsanafilms.com\/?page_id=336"},"modified":"2023-06-29T18:46:34","modified_gmt":"2023-06-29T18:46:34","slug":"progenia-short-film-spin-off","status":"publish","type":"page","link":"https:\/\/habitacioninsanafilms.com\/index.php\/progenia-short-film-spin-off\/","title":{"rendered":"PROGENIA Short film (spin off)"},"content":{"rendered":"\n<figure class=\"wp-block-embed is-type-video is-provider-youtube wp-block-embed-youtube wp-embed-aspect-16-9 wp-has-aspect-ratio\"><div class=\"wp-block-embed__wrapper\">\n<iframe loading=\"lazy\" title=\"PROGENIA - SHORT FILM (Seji Spin off)\" width=\"920\" height=\"518\" src=\"https:\/\/www.youtube.com\/embed\/eF6YAfuVcVY?feature=oembed\" frameborder=\"0\" allow=\"accelerometer; autoplay; clipboard-write; encrypted-media; gyroscope; picture-in-picture; web-share\" allowfullscreen><\/iframe>\n<\/div><\/figure>\n\n\n\n<p class=\"has-white-color has-text-color has-normal-font-size\"><\/p>\n\n\n\n<p class=\"has-white-color has-text-color\">Camila shares with her parents about her relationship with her friend Sofia and the strange memory that connects them, triggering a reaction in her parents that leads Camila to doubt the origins of her family.<\/p>\n\n\n\n<p class=\"has-white-color has-text-color has-small-font-size\">Espa\u00f1ol:<\/p>\n\n\n\n<p class=\"has-white-color has-text-color\">Camila le cuenta a sus padres acerca de su relaci\u00f3n con su amiga Sof\u00eda y el extra\u00f1o recuerdo que las une, despertando en ellos una reacci\u00f3n que lleva a Camila a dudar sobre los or\u00edgenes de su familia.<\/p>\n\n\n\n<figure class=\"wp-block-gallery has-nested-images columns-default is-cropped wp-block-gallery-1 is-layout-flex wp-block-gallery-is-layout-flex\">\n<figure class=\"wp-block-image size-large\"><img loading=\"lazy\" decoding=\"async\" width=\"1024\" height=\"578\" data-id=\"343\" src=\"https:\/\/habitacioninsanafilms.com\/wp-content\/uploads\/2023\/06\/IMG_0311-2-1024x578.jpg\" alt=\"\" class=\"wp-image-343\" srcset=\"https:\/\/habitacioninsanafilms.com\/wp-content\/uploads\/2023\/06\/IMG_0311-2-1024x578.jpg 1024w, https:\/\/habitacioninsanafilms.com\/wp-content\/uploads\/2023\/06\/IMG_0311-2-300x169.jpg 300w, https:\/\/habitacioninsanafilms.com\/wp-content\/uploads\/2023\/06\/IMG_0311-2-768x433.jpg 768w, https:\/\/habitacioninsanafilms.com\/wp-content\/uploads\/2023\/06\/IMG_0311-2-1536x867.jpg 1536w, https:\/\/habitacioninsanafilms.com\/wp-content\/uploads\/2023\/06\/IMG_0311-2.jpg 1620w\" sizes=\"auto, (max-width: 1024px) 100vw, 1024px\" \/><\/figure>\n\n\n\n<figure class=\"wp-block-image size-large\"><img loading=\"lazy\" decoding=\"async\" width=\"1024\" height=\"576\" data-id=\"341\" src=\"https:\/\/habitacioninsanafilms.com\/wp-content\/uploads\/2023\/06\/IMG_0312-1-1024x576.jpg\" alt=\"\" class=\"wp-image-341\" srcset=\"https:\/\/habitacioninsanafilms.com\/wp-content\/uploads\/2023\/06\/IMG_0312-1-1024x576.jpg 1024w, https:\/\/habitacioninsanafilms.com\/wp-content\/uploads\/2023\/06\/IMG_0312-1-300x169.jpg 300w, https:\/\/habitacioninsanafilms.com\/wp-content\/uploads\/2023\/06\/IMG_0312-1-768x432.jpg 768w, https:\/\/habitacioninsanafilms.com\/wp-content\/uploads\/2023\/06\/IMG_0312-1-1536x864.jpg 1536w, https:\/\/habitacioninsanafilms.com\/wp-content\/uploads\/2023\/06\/IMG_0312-1.jpg 1620w\" sizes=\"auto, (max-width: 1024px) 100vw, 1024px\" \/><\/figure>\n\n\n\n<figure class=\"wp-block-image size-large\"><img loading=\"lazy\" decoding=\"async\" width=\"1024\" height=\"573\" data-id=\"340\" src=\"https:\/\/habitacioninsanafilms.com\/wp-content\/uploads\/2023\/06\/IMG_0313-1024x573.jpg\" alt=\"\" class=\"wp-image-340\" srcset=\"https:\/\/habitacioninsanafilms.com\/wp-content\/uploads\/2023\/06\/IMG_0313-1024x573.jpg 1024w, https:\/\/habitacioninsanafilms.com\/wp-content\/uploads\/2023\/06\/IMG_0313-300x168.jpg 300w, https:\/\/habitacioninsanafilms.com\/wp-content\/uploads\/2023\/06\/IMG_0313-768x430.jpg 768w, https:\/\/habitacioninsanafilms.com\/wp-content\/uploads\/2023\/06\/IMG_0313-1536x860.jpg 1536w, https:\/\/habitacioninsanafilms.com\/wp-content\/uploads\/2023\/06\/IMG_0313.jpg 1620w\" sizes=\"auto, (max-width: 1024px) 100vw, 1024px\" \/><\/figure>\n\n\n\n<figure class=\"wp-block-image size-large\"><img loading=\"lazy\" decoding=\"async\" width=\"1024\" height=\"575\" data-id=\"344\" src=\"https:\/\/habitacioninsanafilms.com\/wp-content\/uploads\/2023\/06\/IMG_0315-1024x575.jpg\" alt=\"\" class=\"wp-image-344\" srcset=\"https:\/\/habitacioninsanafilms.com\/wp-content\/uploads\/2023\/06\/IMG_0315-1024x575.jpg 1024w, https:\/\/habitacioninsanafilms.com\/wp-content\/uploads\/2023\/06\/IMG_0315-300x169.jpg 300w, https:\/\/habitacioninsanafilms.com\/wp-content\/uploads\/2023\/06\/IMG_0315-768x431.jpg 768w, https:\/\/habitacioninsanafilms.com\/wp-content\/uploads\/2023\/06\/IMG_0315-1536x863.jpg 1536w, https:\/\/habitacioninsanafilms.com\/wp-content\/uploads\/2023\/06\/IMG_0315.jpg 1620w\" sizes=\"auto, (max-width: 1024px) 100vw, 1024px\" \/><\/figure>\n\n\n\n<figure class=\"wp-block-image size-large\"><img loading=\"lazy\" decoding=\"async\" width=\"1024\" height=\"574\" data-id=\"342\" src=\"https:\/\/habitacioninsanafilms.com\/wp-content\/uploads\/2023\/06\/IMG_0316-1024x574.jpg\" alt=\"\" class=\"wp-image-342\" srcset=\"https:\/\/habitacioninsanafilms.com\/wp-content\/uploads\/2023\/06\/IMG_0316-1024x574.jpg 1024w, https:\/\/habitacioninsanafilms.com\/wp-content\/uploads\/2023\/06\/IMG_0316-300x168.jpg 300w, https:\/\/habitacioninsanafilms.com\/wp-content\/uploads\/2023\/06\/IMG_0316-768x430.jpg 768w, https:\/\/habitacioninsanafilms.com\/wp-content\/uploads\/2023\/06\/IMG_0316-1536x861.jpg 1536w, https:\/\/habitacioninsanafilms.com\/wp-content\/uploads\/2023\/06\/IMG_0316.jpg 1620w\" sizes=\"auto, (max-width: 1024px) 100vw, 1024px\" \/><\/figure>\n<\/figure>\n\n\n\n<figure class=\"wp-block-image size-large\"><img loading=\"lazy\" decoding=\"async\" width=\"724\" height=\"1024\" src=\"https:\/\/habitacioninsanafilms.com\/wp-content\/uploads\/2023\/06\/Afiche-2023-724x1024.jpg\" alt=\"\" class=\"wp-image-348\" srcset=\"https:\/\/habitacioninsanafilms.com\/wp-content\/uploads\/2023\/06\/Afiche-2023-724x1024.jpg 724w, https:\/\/habitacioninsanafilms.com\/wp-content\/uploads\/2023\/06\/Afiche-2023-212x300.jpg 212w, https:\/\/habitacioninsanafilms.com\/wp-content\/uploads\/2023\/06\/Afiche-2023-768x1086.jpg 768w, https:\/\/habitacioninsanafilms.com\/wp-content\/uploads\/2023\/06\/Afiche-2023-1086x1536.jpg 1086w, https:\/\/habitacioninsanafilms.com\/wp-content\/uploads\/2023\/06\/Afiche-2023-1448x2048.jpg 1448w, https:\/\/habitacioninsanafilms.com\/wp-content\/uploads\/2023\/06\/Afiche-2023-scaled.jpg 1810w\" sizes=\"auto, (max-width: 724px) 100vw, 724px\" \/><\/figure>\n","protected":false},"excerpt":{"rendered":"<p>Camila shares with her parents about her relationship with her friend Sofia and the strange memory that connects them, triggering a reaction in her parents that leads Camila to doubt<\/p>\n<p class=\"more-link\"><a href=\"https:\/\/habitacioninsanafilms.com\/index.php\/progenia-short-film-spin-off\/\" class=\"readmore\">Continue reading<svg class=\"icon icon-arrow-right\" aria-hidden=\"true\" role=\"img\"> <use href=\"#icon-arrow-right\" xlink:href=\"#icon-arrow-right\"><\/use> <\/svg><span class=\"screen-reader-text\">PROGENIA Short film (spin off)<\/span><\/a><\/p>\n","protected":false},"author":1,"featured_media":0,"parent":0,"menu_order":0,"comment_status":"closed","ping_status":"closed","template":"","meta":{"footnotes":""},"class_list":["post-336","page","type-page","status-publish","hentry"],"jetpack_sharing_enabled":true,"_links":{"self":[{"href":"https:\/\/habitacioninsanafilms.com\/index.php\/wp-json\/wp\/v2\/pages\/336","targetHints":{"allow":["GET"]}}],"collection":[{"href":"https:\/\/habitacioninsanafilms.com\/index.php\/wp-json\/wp\/v2\/pages"}],"about":[{"href":"https:\/\/habitacioninsanafilms.com\/index.php\/wp-json\/wp\/v2\/types\/page"}],"author":[{"embeddable":true,"href":"https:\/\/habitacioninsanafilms.com\/index.php\/wp-json\/wp\/v2\/users\/1"}],"replies":[{"embeddable":true,"href":"https:\/\/habitacioninsanafilms.com\/index.php\/wp-json\/wp\/v2\/comments?post=336"}],"version-history":[{"count":2,"href":"https:\/\/habitacioninsanafilms.com\/index.php\/wp-json\/wp\/v2\/pages\/336\/revisions"}],"predecessor-version":[{"id":349,"href":"https:\/\/habitacioninsanafilms.com\/index.php\/wp-json\/wp\/v2\/pages\/336\/revisions\/349"}],"wp:attachment":[{"href":"https:\/\/habitacioninsanafilms.com\/index.php\/wp-json\/wp\/v2\/media?parent=336"}],"curies":[{"name":"wp","href":"https:\/\/api.w.org\/{rel}","templated":true}]}}